{"id":48,"date":"2020-08-13T08:45:42","date_gmt":"2020-08-13T08:45:42","guid":{"rendered":"https:\/\/themes.muffingroup.com\/be\/creative4\/?page_id=48"},"modified":"2023-03-06T17:19:22","modified_gmt":"2023-03-06T17:19:22","slug":"cosmos","status":"publish","type":"page","link":"https:\/\/cosmosgaleriadearte.com\/index.php\/cosmos\/","title":{"rendered":"COSMOS"},"content":{"rendered":"\t\t<div data-elementor-type=\"wp-page\" data-elementor-id=\"48\" class=\"elementor elementor-48\">\n\t\t\t\t\t\t\t\t\t<section class=\"elementor-section elementor-top-section elementor-element elementor-element-032952e elementor-section-boxed elementor-section-height-default elementor-section-height-default\" data-id=\"032952e\" data-element_type=\"section\">\n\t\t\t\t\t\t<div class=\"elementor-container elementor-column-gap-default\">\n\t\t\t\t\t<div class=\"elementor-column elementor-col-100 elementor-top-column elementor-element elementor-element-8184e8e\" data-id=\"8184e8e\" data-element_type=\"column\">\n\t\t\t<div class=\"elementor-widget-wrap\">\n\t\t\t\t\t\t\t\t\t<\/div>\n\t\t<\/div>\n\t\t\t\t\t\t\t<\/div>\n\t\t<\/section>\n\t\t\t\t<section class=\"elementor-section elementor-top-section elementor-element elementor-element-a1291e1 elementor-section-stretched elementor-section-boxed elementor-section-height-default elementor-section-height-default\" data-id=\"a1291e1\" data-element_type=\"section\" data-settings=\"{&quot;stretch_section&quot;:&quot;section-stretched&quot;}\">\n\t\t\t\t\t\t<div class=\"elementor-container elementor-column-gap-wider\">\n\t\t\t\t\t<div class=\"elementor-column elementor-col-100 elementor-top-column elementor-element elementor-element-adfe379\" data-id=\"adfe379\" data-element_type=\"column\">\n\t\t\t<div class=\"elementor-widget-wrap elementor-element-populated\">\n\t\t\t\t\t\t\t\t<div class=\"elementor-element elementor-element-2f3928a elementor-widget elementor-widget-image\" data-id=\"2f3928a\" data-element_type=\"widget\" data-widget_type=\"image.default\">\n\t\t\t\t<div class=\"elementor-widget-container\">\n\t\t\t<style>\/*! elementor - v3.16.0 - 20-09-2023 *\/\n.elementor-widget-image{text-align:center}.elementor-widget-image a{display:inline-block}.elementor-widget-image a img[src$=\".svg\"]{width:48px}.elementor-widget-image img{vertical-align:middle;display:inline-block}<\/style>\t\t\t\t\t\t\t\t\t\t\t\t<img decoding=\"async\" loading=\"lazy\" width=\"968\" height=\"727\" src=\"https:\/\/cosmosgaleriadearte.com\/wp-content\/uploads\/2023\/02\/GALERIA-COSMOS-BALNEARIO-CAMBORIU-AR-CONTEMPORANIA2.jpg\" class=\"attachment-full size-full wp-image-555\" alt=\"\" srcset=\"https:\/\/cosmosgaleriadearte.com\/wp-content\/uploads\/2023\/02\/GALERIA-COSMOS-BALNEARIO-CAMBORIU-AR-CONTEMPORANIA2.jpg 968w, https:\/\/cosmosgaleriadearte.com\/wp-content\/uploads\/2023\/02\/GALERIA-COSMOS-BALNEARIO-CAMBORIU-AR-CONTEMPORANIA2-300x225.jpg 300w, https:\/\/cosmosgaleriadearte.com\/wp-content\/uploads\/2023\/02\/GALERIA-COSMOS-BALNEARIO-CAMBORIU-AR-CONTEMPORANIA2-768x577.jpg 768w, https:\/\/cosmosgaleriadearte.com\/wp-content\/uploads\/2023\/02\/GALERIA-COSMOS-BALNEARIO-CAMBORIU-AR-CONTEMPORANIA2-194x146.jpg 194w, https:\/\/cosmosgaleriadearte.com\/wp-content\/uploads\/2023\/02\/GALERIA-COSMOS-BALNEARIO-CAMBORIU-AR-CONTEMPORANIA2-50x38.jpg 50w, https:\/\/cosmosgaleriadearte.com\/wp-content\/uploads\/2023\/02\/GALERIA-COSMOS-BALNEARIO-CAMBORIU-AR-CONTEMPORANIA2-100x75.jpg 100w\" sizes=\"(max-width: 968px) 100vw, 968px\" \/>\t\t\t\t\t\t\t\t\t\t\t\t\t\t\t<\/div>\n\t\t\t\t<\/div>\n\t\t\t\t\t<\/div>\n\t\t<\/div>\n\t\t\t\t\t\t\t<\/div>\n\t\t<\/section>\n\t\t\t\t<section class=\"elementor-section elementor-top-section elementor-element elementor-element-3b34554 elementor-section-stretched elementor-section-boxed elementor-section-height-default elementor-section-height-default\" data-id=\"3b34554\" data-element_type=\"section\" data-settings=\"{&quot;stretch_section&quot;:&quot;section-stretched&quot;}\">\n\t\t\t\t\t\t<div class=\"elementor-container elementor-column-gap-wider\">\n\t\t\t\t\t<div class=\"elementor-column elementor-col-50 elementor-top-column elementor-element elementor-element-0f12b3e\" data-id=\"0f12b3e\" data-element_type=\"column\">\n\t\t\t<div class=\"elementor-widget-wrap elementor-element-populated\">\n\t\t\t\t\t\t\t\t<div class=\"elementor-element elementor-element-5926779 elementor-widget elementor-widget-text-editor\" data-id=\"5926779\" data-element_type=\"widget\" data-widget_type=\"text-editor.default\">\n\t\t\t\t<div class=\"elementor-widget-container\">\n\t\t\t<style>\/*! elementor - v3.16.0 - 20-09-2023 *\/\n.elementor-widget-text-editor.elementor-drop-cap-view-stacked .elementor-drop-cap{background-color:#69727d;color:#fff}.elementor-widget-text-editor.elementor-drop-cap-view-framed .elementor-drop-cap{color:#69727d;border:3px solid;background-color:transparent}.elementor-widget-text-editor:not(.elementor-drop-cap-view-default) .elementor-drop-cap{margin-top:8px}.elementor-widget-text-editor:not(.elementor-drop-cap-view-default) .elementor-drop-cap-letter{width:1em;height:1em}.elementor-widget-text-editor .elementor-drop-cap{float:left;text-align:center;line-height:1;font-size:50px}.elementor-widget-text-editor .elementor-drop-cap-letter{display:inline-block}<\/style>\t\t\t\t<h3 style=\"text-align: justify;\">Fundada em janeiro de 2020 em Balne\u00e1rio Cambori\u00fa, SC, regi\u00e3o sul do Brasil, a Cosmos Galeria de Arte \u00e9 um espa\u00e7o que tem como objetivo o fomento e o incentivo \u00e0 arte contempor\u00e2nea em suas mais variadas vertentes.\nO elenco \u00e9 composto por um seleto time de artistas nacionais e internacionais emergentes ou em grande ascens\u00e3o, e que representam atua\u00e7\u00e3o em m\u00faltiplas t\u00e9cnicas, m\u00eddias e pr\u00e1ticas. Expressam, portanto, ideias, vis\u00f5es e hist\u00f3rias compartilhadas com o mundo ao seu redor.<\/h3>\t\t\t\t\t\t<\/div>\n\t\t\t\t<\/div>\n\t\t\t\t\t<\/div>\n\t\t<\/div>\n\t\t\t\t<div class=\"elementor-column elementor-col-50 elementor-top-column elementor-element elementor-element-ca99574\" data-id=\"ca99574\" data-element_type=\"column\">\n\t\t\t<div class=\"elementor-widget-wrap elementor-element-populated\">\n\t\t\t\t\t\t\t\t<div class=\"elementor-element elementor-element-54136e8 elementor-widget elementor-widget-text-editor\" data-id=\"54136e8\" data-element_type=\"widget\" data-widget_type=\"text-editor.default\">\n\t\t\t\t<div class=\"elementor-widget-container\">\n\t\t\t\t\t\t\t<h3 style=\"text-align: justify;\">A Cosmos Galeria de Arte teve como idealizador o empres\u00e1rio, ocean\u00f3grafo e fot\u00f3grafo Cassiano Cruz, que convive no universo da arte desde a sua juventude, mais precisamente h\u00e1 vinte anos, quando passou a se envolver  profissionalmente com m\u00fasica eletr\u00f4nica e fotografia. Sua vasta experi\u00eancia em viv\u00eancias multiculturais pelos quatro cantos do globo tamb\u00e9m foi determinante para concretizar sua pr\u00f3pria galeria de arte bem como, junto com sua esposa, a Pangea Home Decor, uma conceituada loja de decora\u00e7\u00e3o tamb\u00e9m localizada no mesmo munic\u00edpio.<\/h3>\t\t\t\t\t\t<\/div>\n\t\t\t\t<\/div>\n\t\t\t\t\t<\/div>\n\t\t<\/div>\n\t\t\t\t\t\t\t<\/div>\n\t\t<\/section>\n\t\t\t\t\t\t\t<\/div>\n\t\t","protected":false},"excerpt":{"rendered":"<p>Fundada em janeiro de 2020 em Balne\u00e1rio Cambori\u00fa, SC, regi\u00e3o sul do Brasil, a Cosmos Galeria de Arte \u00e9 um espa\u00e7o que tem como objetivo o<span class=\"excerpt-hellip\"> [\u2026]<\/span><\/p>\n","protected":false},"author":1,"featured_media":0,"parent":0,"menu_order":0,"comment_status":"open","ping_status":"closed","template":"","meta":{"footnotes":""},"_links":{"self":[{"href":"https:\/\/cosmosgaleriadearte.com\/index.php\/wp-json\/wp\/v2\/pages\/48"}],"collection":[{"href":"https:\/\/cosmosgaleriadearte.com\/index.php\/wp-json\/wp\/v2\/pages"}],"about":[{"href":"https:\/\/cosmosgaleriadearte.com\/index.php\/wp-json\/wp\/v2\/types\/page"}],"author":[{"embeddable":true,"href":"https:\/\/cosmosgaleriadearte.com\/index.php\/wp-json\/wp\/v2\/users\/1"}],"replies":[{"embeddable":true,"href":"https:\/\/cosmosgaleriadearte.com\/index.php\/wp-json\/wp\/v2\/comments?post=48"}],"version-history":[{"count":19,"href":"https:\/\/cosmosgaleriadearte.com\/index.php\/wp-json\/wp\/v2\/pages\/48\/revisions"}],"predecessor-version":[{"id":789,"href":"https:\/\/cosmosgaleriadearte.com\/index.php\/wp-json\/wp\/v2\/pages\/48\/revisions\/789"}],"wp:attachment":[{"href":"https:\/\/cosmosgaleriadearte.com\/index.php\/wp-json\/wp\/v2\/media?parent=48"}],"curies":[{"name":"wp","href":"https:\/\/api.w.org\/{rel}","templated":true}]}}